{"id":548,"date":"2022-01-03T08:46:29","date_gmt":"2022-01-03T10:46:29","guid":{"rendered":"http:\/\/adle.kaunokolegija.lt\/en\/?page_id=548"},"modified":"2023-12-05T14:37:45","modified_gmt":"2023-12-05T16:37:45","slug":"2021-art-exhibitions-1","status":"publish","type":"page","link":"https:\/\/adle.kaunokolegija.lt\/en\/2021-art-exhibitions-1\/","title":{"rendered":"2021 Art Exhibitions"},"content":{"rendered":"<p><img loading=\"lazy\" decoding=\"async\" class=\"alignleft wp-image-404 size-full\" src=\"http:\/\/adle.kaunokolegija.lt\/en\/wp-content\/uploads\/sites\/3\/2021\/10\/Adle-logo.jpg\" alt=\"\" width=\"290\" height=\"175\" \/><\/p>\n<h3><span style=\"color: #008080;\"><strong>\u201cNEW PERSPECTIVES\u201d \u2013 an exhibition of lecturers and graduates of the Faculty of Arts and Education<\/strong><\/span><\/h3>\n<p><span style=\"color: #000000;\">Every year, the exhibition \u201cNew Perspectives\u201d, which accompanies the international conference \u201cArt, Design, Languages and Education: Innovations in Theory and Practice\u201d organized by the Faculty of Arts and Education of Kaunas University of Applied Sciences, provides an opportunity to look at artworks of the Faculty lecturers and graduates. This year, the artists engage the viewer to think over the past and present, the surrounding reality and its experience, constant change, the search for balance, and the power of the imagination in the virtual exhibition. In their paintings, photographs, graphics, digital graphics, works of glass, video art, fashion works and installation, the lecturers and graduates encourage the viewer to look for a different angle, discover new perspectives in their surroundings.<\/span><\/p>\n<p><span style=\"color: #000000;\"><span style=\"color: #008080;\"><strong>Participants of the exhibition<\/strong>:<\/span> Alydas Jonaitis, Arvydas Martinaitis, Birut\u0117 \u0160le\u017eien\u0117, Dalius Razauskas, Gintar\u0117 Jara\u0161ien\u0117, Ieva Paltanavi\u010di\u016bt\u0117, dr. K\u0119stutis Lekeckas, Laura Slavinskait\u0117, Lolita Grabauskien\u0117, Ri\u010dardas Peleckas, Sigita Grabliauskait\u0117, Sigut\u0117 Bronickien\u0117, Valda Verikait\u0117, Viktorija Anskaitien\u0117, Vilma Gydait\u0117, K\u0119stutis Vaik\u0161noras<\/span><\/p>\n<p><span style=\"color: #008080;\"><strong>Author of the Design of the Exhibition<\/strong>:<\/span> <span style=\"color: #000000;\">Juozas Dundulis, a designer, the coordinator of the study programme of Design, the Academy of Arts of the Faculty of Arts and Education.<\/span><\/p>\n<p><a href=\"https:\/\/adle.kaunokolegija.lt\/Naujos_perspektyvos\/\" target=\"_blank\" rel=\"noopener noreferrer\"><span style=\"color: #0000ff;\"><strong>Virtual Exhibition<\/strong><\/span><\/a><\/p>\n<hr \/>\n<p>&nbsp;<\/p>\n","protected":false},"excerpt":{"rendered":"<p>\u201cNEW PERSPECTIVES\u201d \u2013 an exhibition of lecturers and graduates of the Faculty of Arts and [&hellip;]<\/p>\n","protected":false},"author":1,"featured_media":0,"parent":0,"menu_order":0,"comment_status":"closed","ping_status":"closed","template":"","meta":{"footnotes":""},"class_list":["post-548","page","type-page","status-publish","hentry"],"_links":{"self":[{"href":"https:\/\/adle.kaunokolegija.lt\/en\/wp-json\/wp\/v2\/pages\/548","targetHints":{"allow":["GET"]}}],"collection":[{"href":"https:\/\/adle.kaunokolegija.lt\/en\/wp-json\/wp\/v2\/pages"}],"about":[{"href":"https:\/\/adle.kaunokolegija.lt\/en\/wp-json\/wp\/v2\/types\/page"}],"author":[{"embeddable":true,"href":"https:\/\/adle.kaunokolegija.lt\/en\/wp-json\/wp\/v2\/users\/1"}],"replies":[{"embeddable":true,"href":"https:\/\/adle.kaunokolegija.lt\/en\/wp-json\/wp\/v2\/comments?post=548"}],"version-history":[{"count":2,"href":"https:\/\/adle.kaunokolegija.lt\/en\/wp-json\/wp\/v2\/pages\/548\/revisions"}],"predecessor-version":[{"id":550,"href":"https:\/\/adle.kaunokolegija.lt\/en\/wp-json\/wp\/v2\/pages\/548\/revisions\/550"}],"wp:attachment":[{"href":"https:\/\/adle.kaunokolegija.lt\/en\/wp-json\/wp\/v2\/media?parent=548"}],"curies":[{"name":"wp","href":"https:\/\/api.w.org\/{rel}","templated":true}]}}

<p><img loading="lazy" decoding="async" class="alignleft wp-image-404 size-full" src="http://adle.kaunokolegija.lt/en/wp-content/uploads/sites/3/2021/10/Adle-logo.jpg" alt="" width="290" height="175" /></p>
<h3><span style="color: #008080;"><strong>“NEW PERSPECTIVES” – an exhibition of lecturers and graduates of the Faculty of Arts and Education</strong></span></h3>
<p><span style="color: #000000;">Every year, the exhibition “New Perspectives”, which accompanies the international conference “Art, Design, Languages and Education: Innovations in Theory and Practice” organized by the Faculty of Arts and Education of Kaunas University of Applied Sciences, provides an opportunity to look at artworks of the Faculty lecturers and graduates. This year, the artists engage the viewer to think over the past and present, the surrounding reality and its experience, constant change, the search for balance, and the power of the imagination in the virtual exhibition. In their paintings, photographs, graphics, digital graphics, works of glass, video art, fashion works and installation, the lecturers and graduates encourage the viewer to look for a different angle, discover new perspectives in their surroundings.</span></p>
<p><span style="color: #000000;"><span style="color: #008080;"><strong>Participants of the exhibition</strong>:</span> Alydas Jonaitis, Arvydas Martinaitis, Birutė Šležienė, Dalius Razauskas, Gintarė Jarašienė, Ieva Paltanavičiūtė, dr. Kęstutis Lekeckas, Laura Slavinskaitė, Lolita Grabauskienė, Ričardas Peleckas, Sigita Grabliauskaitė, Sigutė Bronickienė, Valda Verikaitė, Viktorija Anskaitienė, Vilma Gydaitė, Kęstutis Vaikšnoras</span></p>
<p><span style="color: #008080;"><strong>Author of the Design of the Exhibition</strong>:</span> <span style="color: #000000;">Juozas Dundulis, a designer, the coordinator of the study programme of Design, the Academy of Arts of the Faculty of Arts and Education.</span></p>
<p><a href="https://adle.kaunokolegija.lt/Naujos_perspektyvos/" target="_blank" rel="noopener noreferrer"><span style="color: #0000ff;"><strong>Virtual Exhibition</strong></span></a></p>
<hr />
<p>&nbsp;</p>
